{"id":192,"date":"2019-11-15T17:01:13","date_gmt":"2019-11-15T16:01:13","guid":{"rendered":"https:\/\/hr6vj3bsnln.preview.infomaniak.website\/basse-broye\/?page_id=192"},"modified":"2025-10-10T09:05:44","modified_gmt":"2025-10-10T07:05:44","slug":"acces-horaires","status":"publish","type":"page","link":"https:\/\/accueildejour.ch\/basse-broye\/acces-horaires\/","title":{"rendered":"Acc\u00e8s + Horaires"},"content":{"rendered":"<div id='av_section_1'  class='avia-section av-mvxcd-61983ddb7020e3f42d47a1551719a640 main_color avia-section-default avia-no-border-styling  avia-builder-el-0  avia-builder-el-no-sibling  avia-bg-style-scroll container_wrap fullsize'  ><div class='container av-section-cont-open' ><main  class='template-page content  av-content-full alpha units'><div class='post-entry post-entry-type-page post-entry-192'><div class='entry-content-wrapper clearfix'>\n\n<style type=\"text\/css\" data-created_by=\"avia_inline_auto\" id=\"style-css-av-hbcqg-e2210c4f53cb542db81a41d7d9eabd7b\">\n#top .av-special-heading.av-hbcqg-e2210c4f53cb542db81a41d7d9eabd7b{\npadding-bottom:30px;\n}\nbody .av-special-heading.av-hbcqg-e2210c4f53cb542db81a41d7d9eabd7b .av-special-heading-tag .heading-char{\nfont-size:25px;\n}\n.av-special-heading.av-hbcqg-e2210c4f53cb542db81a41d7d9eabd7b .av-subheading{\nfont-size:15px;\n}\n<\/style>\n<div  class='av-special-heading av-hbcqg-e2210c4f53cb542db81a41d7d9eabd7b av-special-heading-h1 blockquote modern-quote  avia-builder-el-1  el_before_av_one_half  avia-builder-el-first '><h1 class='av-special-heading-tag'  >Acc\u00e8s + Horaires<\/h1><div class=\"special-heading-border\"><div class=\"special-heading-inner-border\"><\/div><\/div><\/div>\n\n<style type=\"text\/css\" data-created_by=\"avia_inline_auto\" id=\"style-css-av-7e86l-d63b82535969666c74eec4e7fa6a73a4\">\n.flex_column.av-7e86l-d63b82535969666c74eec4e7fa6a73a4{\nborder-radius:0px 0px 0px 0px;\n-webkit-border-radius:0px 0px 0px 0px;\n-moz-border-radius:0px 0px 0px 0px;\n}\n<\/style>\n<div class='flex_column av-7e86l-d63b82535969666c74eec4e7fa6a73a4 av_one_half  avia-builder-el-2  el_after_av_heading  el_before_av_one_half  first flex_column_div av-zero-column-padding '   ><style type=\"text\/css\" data-created_by=\"avia_inline_auto\" id=\"style-css-av-mgki2tv3-5aebf204b84bb2f2c874ab76852b6793\">\n.avia-image-container.av-mgki2tv3-5aebf204b84bb2f2c874ab76852b6793 .av-image-caption-overlay-center{\ncolor:#ffffff;\n}\n<\/style>\n<div  class='avia-image-container av-mgki2tv3-5aebf204b84bb2f2c874ab76852b6793 av-styling- avia-align-center  avia-builder-el-3  avia-builder-el-no-sibling ' ><div class=\"avia-image-container-inner\"><div class=\"avia-image-overlay-wrap\"><img decoding=\"async\" class='wp-image-2043 avia-img-lazy-loading-not-2043 avia_image' src=\"https:\/\/accueildejour.ch\/wp-content\/uploads\/sites\/5\/2025\/10\/Site_internet_Gottau_17_carte-1536x1125.jpg\" alt='' title='Site_internet_Gottau_17_carte'  height=\"1125\" width=\"1536\" srcset=\"https:\/\/accueildejour.ch\/wp-content\/uploads\/sites\/5\/2025\/10\/Site_internet_Gottau_17_carte-1536x1125.jpg 1536w, https:\/\/accueildejour.ch\/wp-content\/uploads\/sites\/5\/2025\/10\/Site_internet_Gottau_17_carte-300x220.jpg 300w, https:\/\/accueildejour.ch\/wp-content\/uploads\/sites\/5\/2025\/10\/Site_internet_Gottau_17_carte-1030x754.jpg 1030w, https:\/\/accueildejour.ch\/wp-content\/uploads\/sites\/5\/2025\/10\/Site_internet_Gottau_17_carte-768x563.jpg 768w, https:\/\/accueildejour.ch\/wp-content\/uploads\/sites\/5\/2025\/10\/Site_internet_Gottau_17_carte-2048x1500.jpg 2048w, https:\/\/accueildejour.ch\/wp-content\/uploads\/sites\/5\/2025\/10\/Site_internet_Gottau_17_carte-1500x1099.jpg 1500w, https:\/\/accueildejour.ch\/wp-content\/uploads\/sites\/5\/2025\/10\/Site_internet_Gottau_17_carte-705x516.jpg 705w\" sizes=\"(max-width: 1536px) 100vw, 1536px\" \/><\/div><\/div><\/div><\/div>\n<style type=\"text\/css\" data-created_by=\"avia_inline_auto\" id=\"style-css-av-ganod-5bc69c8b64d36870e286b2f2ec4911b0\">\n.flex_column.av-ganod-5bc69c8b64d36870e286b2f2ec4911b0{\nborder-radius:0px 0px 0px 0px;\n-webkit-border-radius:0px 0px 0px 0px;\n-moz-border-radius:0px 0px 0px 0px;\n}\n<\/style>\n<div class='flex_column av-ganod-5bc69c8b64d36870e286b2f2ec4911b0 av_one_half  avia-builder-el-4  el_after_av_one_half  avia-builder-el-last  flex_column_div av-zero-column-padding '   ><p>\n<style type=\"text\/css\" data-created_by=\"avia_inline_auto\" id=\"style-css-av-amb9k-b2912a2f567b302fbfea874fa2a072e9\">\n#top .av-special-heading.av-amb9k-b2912a2f567b302fbfea874fa2a072e9{\npadding-bottom:10px;\n}\nbody .av-special-heading.av-amb9k-b2912a2f567b302fbfea874fa2a072e9 .av-special-heading-tag .heading-char{\nfont-size:25px;\n}\n.av-special-heading.av-amb9k-b2912a2f567b302fbfea874fa2a072e9 .av-subheading{\nfont-size:15px;\n}\n<\/style>\n<div  class='av-special-heading av-amb9k-b2912a2f567b302fbfea874fa2a072e9 av-special-heading-h3 blockquote modern-quote  avia-builder-el-5  el_before_av_textblock  avia-builder-el-first  av-linked-heading'><h3 class='av-special-heading-tag'  >Permanence t\u00e9l\u00e9phonique 026 \/ 677 06 14<\/h3><div class=\"special-heading-border\"><div class=\"special-heading-inner-border\"><\/div><\/div><\/div><br \/>\n<section  class='av_textblock_section av-k2xhrlzc-44391819386598a80970b90bde361765' ><div class='avia_textblock' ><p><em><strong>Nous r\u00e9pondons \u00e0 vos appels<\/strong><\/em><\/p>\n<ul>\n<li style=\"text-align: left\"><em><strong>les lundi, mardi et vendredi de 08 h 00 \u00e0 11 h 30<\/strong><\/em><\/li>\n<li><em><strong>le mercredi de 10 h 00 \u00e0 11 h 30 et de 14 h 00 \u00e0 16 h 30.<\/strong><\/em><\/li>\n<\/ul>\n<p><em><strong>En dehors de ces p\u00e9riodes, il n&rsquo;est pas r\u00e9pondu \u00e0 vos appels mais vous pouvez toutefois laisser un message sur notre r\u00e9pondeur.<\/strong><\/em><\/p>\n<\/div><\/section><\/p><\/div>\n","protected":false},"excerpt":{"rendered":"","protected":false},"author":1,"featured_media":0,"parent":0,"menu_order":0,"comment_status":"closed","ping_status":"closed","template":"","meta":{"wp_mapbox_gl_js_media":[],"footnotes":""},"class_list":["post-192","page","type-page","status-publish","hentry"],"_links":{"self":[{"href":"https:\/\/accueildejour.ch\/basse-broye\/wp-json\/wp\/v2\/pages\/192","targetHints":{"allow":["GET"]}}],"collection":[{"href":"https:\/\/accueildejour.ch\/basse-broye\/wp-json\/wp\/v2\/pages"}],"about":[{"href":"https:\/\/accueildejour.ch\/basse-broye\/wp-json\/wp\/v2\/types\/page"}],"author":[{"embeddable":true,"href":"https:\/\/accueildejour.ch\/basse-broye\/wp-json\/wp\/v2\/users\/1"}],"replies":[{"embeddable":true,"href":"https:\/\/accueildejour.ch\/basse-broye\/wp-json\/wp\/v2\/comments?post=192"}],"version-history":[{"count":42,"href":"https:\/\/accueildejour.ch\/basse-broye\/wp-json\/wp\/v2\/pages\/192\/revisions"}],"predecessor-version":[{"id":2138,"href":"https:\/\/accueildejour.ch\/basse-broye\/wp-json\/wp\/v2\/pages\/192\/revisions\/2138"}],"wp:attachment":[{"href":"https:\/\/accueildejour.ch\/basse-broye\/wp-json\/wp\/v2\/media?parent=192"}],"curies":[{"name":"wp","href":"https:\/\/api.w.org\/{rel}","templated":true}]}}