{"id":148,"date":"2019-11-15T11:12:17","date_gmt":"2019-11-15T10:12:17","guid":{"rendered":"https:\/\/hr6vj3bsnln.preview.infomaniak.website\/basse-broye\/?page_id=148"},"modified":"2024-01-31T15:18:21","modified_gmt":"2024-01-31T14:18:21","slug":"la-formation","status":"publish","type":"page","link":"https:\/\/accueildejour.ch\/basse-broye\/accueillir-un-enfant\/la-formation\/","title":{"rendered":"La formation"},"content":{"rendered":"<div id='av_section_1'  class='avia-section av-mvxcd-61983ddb7020e3f42d47a1551719a640 main_color avia-section-default avia-no-border-styling  avia-builder-el-0  avia-builder-el-no-sibling  avia-bg-style-scroll container_wrap fullsize'  ><div class='container av-section-cont-open' ><main  class='template-page content  av-content-full alpha units'><div class='post-entry post-entry-type-page post-entry-148'><div class='entry-content-wrapper clearfix'>\n\n<style type=\"text\/css\" data-created_by=\"avia_inline_auto\" id=\"style-css-av-aq5ck-fde72a24d3228be50654aec4f9f38023\">\n#top .av-special-heading.av-aq5ck-fde72a24d3228be50654aec4f9f38023{\npadding-bottom:10px;\n}\nbody .av-special-heading.av-aq5ck-fde72a24d3228be50654aec4f9f38023 .av-special-heading-tag .heading-char{\nfont-size:25px;\n}\n.av-special-heading.av-aq5ck-fde72a24d3228be50654aec4f9f38023 .av-subheading{\nfont-size:15px;\n}\n<\/style>\n<div  class='av-special-heading av-aq5ck-fde72a24d3228be50654aec4f9f38023 av-special-heading-h1 blockquote modern-quote  avia-builder-el-1  el_before_av_one_full  avia-builder-el-first '><h1 class='av-special-heading-tag'  >La formation des Accueillantes<\/h1><div class=\"special-heading-border\"><div class=\"special-heading-inner-border\"><\/div><\/div><\/div>\n\n<style type=\"text\/css\" data-created_by=\"avia_inline_auto\" id=\"style-css-av-lre9w-440d2c47f84e9f954689a9238e1d046d\">\n.flex_column.av-lre9w-440d2c47f84e9f954689a9238e1d046d{\nborder-radius:0px 0px 0px 0px;\n-webkit-border-radius:0px 0px 0px 0px;\n-moz-border-radius:0px 0px 0px 0px;\n}\n<\/style>\n<div class='flex_column av-lre9w-440d2c47f84e9f954689a9238e1d046d av_one_full  avia-builder-el-2  el_after_av_heading  el_before_av_one_half  first flex_column_div av-zero-column-padding '   ><section  class='av_textblock_section av-k2xhrlzc-505a710af023b1b52bec7ee04d68d7a0' ><div class='avia_textblock' ><p>La t\u00e2che des Accueillantes consiste \u00e0 garder des enfants, mais \u00e9galement \u00e0 les accompagner,\u00a0 \u00e0 contribuer \u00e0 leur d\u00e9veloppement,\u00a0 \u00e0 les prot\u00e9ger et les soigner en cas de besoin.<\/p>\n<p>Afin de renforcer ces comp\u00e9tences, notre association offre \u00e0 chacune des Accueillantes la possibilit\u00e9 d&rsquo;acqu\u00e9rir des connaissances qui feront d&rsquo;elles des professionnelles de la garde d&rsquo;enfants.<\/p>\n<\/div><\/section><\/div>\n<style type=\"text\/css\" data-created_by=\"avia_inline_auto\" id=\"style-css-av-ganod-5246665ce531744c28692c47afc4dd13\">\n.flex_column.av-ganod-5246665ce531744c28692c47afc4dd13{\nborder-radius:0px 0px 0px 0px;\n-webkit-border-radius:0px 0px 0px 0px;\n-moz-border-radius:0px 0px 0px 0px;\n}\n<\/style>\n<div class='flex_column av-ganod-5246665ce531744c28692c47afc4dd13 av_one_half  avia-builder-el-4  el_after_av_one_full  el_before_av_one_half  first flex_column_div av-zero-column-padding column-top-margin'   ><section  class='av_textblock_section av-k2xhrlzc-3ac8d66a7a076812773959909b7e285f' ><div class='avia_textblock' ><h3>La formation de base<\/h3>\n<p>Chaque nouvelle Accueillante est tenue de suivre la formation de base qui comprend plus de 50 heures. Les cours ont lieu en soir\u00e9e ou parfois le samedi.<\/p>\n<p>A l&rsquo;issue de cette formation, les Accueillantes se verront d\u00e9cerner par la F\u00e9d\u00e9ration d&rsquo;Accueil Familial de Jour du canton de Fribourg un certificat d&rsquo;Accueillante en milieu familial agr\u00e9\u00e9e.<\/p>\n<h3>La formation continue<\/h3>\n<p>La formation continue \u00e0 l&rsquo;intention des Accueillantes est organis\u00e9e chaque ann\u00e9e soit sur une journ\u00e9e, soit en deux matin\u00e9es, le samedi.<\/p>\n<p>Plusieurs sujets leur sont propos\u00e9s, orient\u00e9s selon les th\u00e8mes les mieux adapt\u00e9s \u00e0 leurs besoins.<\/p>\n<p>Ces journ\u00e9es de formation permettent aux Accueillantes d&rsquo;\u00e9changer avec leurs coll\u00e8gues et de cr\u00e9er des liens et de la complicit\u00e9 autour de leur activit\u00e9.<\/p>\n<\/div><\/section><\/div>\n<style type=\"text\/css\" data-created_by=\"avia_inline_auto\" id=\"style-css-av-7e86l-4004ae192b5f407f00a3e851d293a8e4\">\n.flex_column.av-7e86l-4004ae192b5f407f00a3e851d293a8e4{\nborder-radius:0px 0px 0px 0px;\n-webkit-border-radius:0px 0px 0px 0px;\n-moz-border-radius:0px 0px 0px 0px;\n}\n<\/style>\n<div class='flex_column av-7e86l-4004ae192b5f407f00a3e851d293a8e4 av_one_half  avia-builder-el-6  el_after_av_one_half  avia-builder-el-last  flex_column_div av-zero-column-padding column-top-margin'   ><section  class='av_textblock_section av-k2xhrlzc-505a710af023b1b52bec7ee04d68d7a0' ><div class='avia_textblock' ><h3>Objectifs des formations<\/h3>\n<ul>\n<li>Permettre la valorisation du travail de l&rsquo;Accueillante.<\/li>\n<li>Acqu\u00e9rir ou approfondir des connaissances relatives aux besoins de l&rsquo;enfant: besoins vitaux, affectifs et cognitifs, et les appliquer dans les situations concr\u00e8tes.<\/li>\n<li>Echanger des id\u00e9es, des exp\u00e9riences, nouer des relations amicales et des liens de solidarit\u00e9 entre Accueillantes aussi avec les membres de l&rsquo;association.<\/li>\n<li>Clarifier les motivations et s&rsquo;adapter \u00e0 cette nouvelle situation d&rsquo;Accueillante.<\/li>\n<li>Conna\u00eetre les droits et les devoirs li\u00e9s \u00e0 l&rsquo;accueil familial de jour.<\/li>\n<li>Permettre de comprendre les cons\u00e9quences de la s\u00e9paration et d&rsquo;en tenir compte dans la prise en charge de l&rsquo;enfant.<\/li>\n<\/ul>\n<\/div><\/section><\/div>\n","protected":false},"excerpt":{"rendered":"","protected":false},"author":1,"featured_media":0,"parent":132,"menu_order":0,"comment_status":"closed","ping_status":"closed","template":"","meta":{"wp_mapbox_gl_js_media":[],"footnotes":""},"class_list":["post-148","page","type-page","status-publish","hentry"],"_links":{"self":[{"href":"https:\/\/accueildejour.ch\/basse-broye\/wp-json\/wp\/v2\/pages\/148","targetHints":{"allow":["GET"]}}],"collection":[{"href":"https:\/\/accueildejour.ch\/basse-broye\/wp-json\/wp\/v2\/pages"}],"about":[{"href":"https:\/\/accueildejour.ch\/basse-broye\/wp-json\/wp\/v2\/types\/page"}],"author":[{"embeddable":true,"href":"https:\/\/accueildejour.ch\/basse-broye\/wp-json\/wp\/v2\/users\/1"}],"replies":[{"embeddable":true,"href":"https:\/\/accueildejour.ch\/basse-broye\/wp-json\/wp\/v2\/comments?post=148"}],"version-history":[{"count":12,"href":"https:\/\/accueildejour.ch\/basse-broye\/wp-json\/wp\/v2\/pages\/148\/revisions"}],"predecessor-version":[{"id":1621,"href":"https:\/\/accueildejour.ch\/basse-broye\/wp-json\/wp\/v2\/pages\/148\/revisions\/1621"}],"up":[{"embeddable":true,"href":"https:\/\/accueildejour.ch\/basse-broye\/wp-json\/wp\/v2\/pages\/132"}],"wp:attachment":[{"href":"https:\/\/accueildejour.ch\/basse-broye\/wp-json\/wp\/v2\/media?parent=148"}],"curies":[{"name":"wp","href":"https:\/\/api.w.org\/{rel}","templated":true}]}}