{"id":132,"date":"2019-11-15T10:57:48","date_gmt":"2019-11-15T09:57:48","guid":{"rendered":"https:\/\/hr6vj3bsnln.preview.infomaniak.website\/basse-broye\/?page_id=132"},"modified":"2026-03-16T11:12:12","modified_gmt":"2026-03-16T10:12:12","slug":"accueillir-un-enfant","status":"publish","type":"page","link":"https:\/\/accueildejour.ch\/basse-broye\/accueillir-un-enfant\/","title":{"rendered":"Accueillir un enfant"},"content":{"rendered":"<div id='full_slider_1'  class='avia-fullwidth-slider main_color avia-shadow   avia-builder-el-0  el_before_av_section  avia-builder-el-first   container_wrap fullsize'  ><div  class='avia-slideshow av-k34gqcfy-47631cc30dc4cc47836884cc18e9b627 av-control-hidden avia-slideshow-no scaling av_slideshow_full avia-fade-slider av-default-height-applied   avia-slideshow-1'  data-size='no scaling'  data-lightbox_size='large'  data-animation='fade'  data-conditional_play=''  data-ids='291'  data-video_counter='0'  data-autoplay='false'  data-bg_slider='false'  data-slide_height=''  data-handle='av_slideshow_full'  data-interval='5'  data-class=''  data-extra_class=' '  data-el_id=''  data-css_id=''  data-scroll_down=''  data-control_layout='av-control-hidden'  data-custom_markup=''  data-perma_caption=''  data-autoplay_stopper=''  data-image_attachment=''  data-min_height='0px'  data-lazy_loading='disabled'  data-default-height='16'  data-stretch=''  data-src=''  data-position='top left'  data-repeat='no-repeat'  data-attach='scroll'  data-img_scrset=''  data-av-desktop-hide=''  data-av-medium-hide=''  data-av-small-hide=''  data-av-mini-hide=''  data-id=''  data-custom_class=''  data-template_class=''  data-av_uid='av-k34gqcfy'  data-sc_version='1.0'  data-heading_tag=''  data-heading_class=''  ><ul class='avia-slideshow-inner ' style='padding-bottom: 16%;'><li  class='avia-slideshow-slide av-k34gqcfy-47631cc30dc4cc47836884cc18e9b627__0  av-single-slide slide-1 ' ><div data-rel='slideshow-1' class='avia-slide-wrap '   ><img decoding=\"async\" class=\"wp-image-291 avia-img-lazy-loading-not-291\"  src=\"https:\/\/accueildejour.ch\/wp-content\/uploads\/sites\/5\/2019\/11\/head03.jpg\" width=\"1500\" height=\"240\" title='head03' alt='' srcset=\"https:\/\/accueildejour.ch\/wp-content\/uploads\/sites\/5\/2019\/11\/head03.jpg 1500w, https:\/\/accueildejour.ch\/wp-content\/uploads\/sites\/5\/2019\/11\/head03-300x48.jpg 300w, https:\/\/accueildejour.ch\/wp-content\/uploads\/sites\/5\/2019\/11\/head03-768x123.jpg 768w, https:\/\/accueildejour.ch\/wp-content\/uploads\/sites\/5\/2019\/11\/head03-1030x165.jpg 1030w, https:\/\/accueildejour.ch\/wp-content\/uploads\/sites\/5\/2019\/11\/head03-705x113.jpg 705w\" sizes=\"(max-width: 1500px) 100vw, 1500px\" \/><div class='av-section-color-overlay' style='opacity: 0.5; background-color: #ffffff; '><\/div><\/div><\/li><\/ul><\/div><\/div>\n<div id='av_section_1'  class='avia-section av-mvxcd-61983ddb7020e3f42d47a1551719a640 main_color avia-section-default avia-no-border-styling  avia-builder-el-1  el_after_av_slideshow_full  el_before_av_image  avia-bg-style-scroll container_wrap fullsize'  ><div class='container av-section-cont-open' ><div class='template-page content  av-content-full alpha units'><div class='post-entry post-entry-type-page post-entry-132'><div class='entry-content-wrapper clearfix'>\n\n<style type=\"text\/css\" data-created_by=\"avia_inline_auto\" id=\"style-css-av-9lg24-758c4c720b4ec9c2d08061782f74cb22\">\n#top .av-special-heading.av-9lg24-758c4c720b4ec9c2d08061782f74cb22{\npadding-bottom:10px;\n}\nbody .av-special-heading.av-9lg24-758c4c720b4ec9c2d08061782f74cb22 .av-special-heading-tag .heading-char{\nfont-size:25px;\n}\n.av-special-heading.av-9lg24-758c4c720b4ec9c2d08061782f74cb22 .av-subheading{\nfont-size:15px;\n}\n<\/style>\n<div  class='av-special-heading av-9lg24-758c4c720b4ec9c2d08061782f74cb22 av-special-heading-h1 blockquote modern-quote  avia-builder-el-2  el_before_av_textblock  avia-builder-el-first '><h1 class='av-special-heading-tag'  >Accueillir un enfant<\/h1><div class=\"special-heading-border\"><div class=\"special-heading-inner-border\"><\/div><\/div><\/div>\n<section  class='av_textblock_section av-k2xhrlzc-505a710af023b1b52bec7ee04d68d7a0' ><div class='avia_textblock' ><p><strong>Pour quels avantages ?<\/strong><\/p>\n<p>Devenir Accueillante en milieu familial demande un investissement personnel au m\u00eame titre qu&rsquo;un emploi dans une autre entreprise. La prise en charge des enfants d&rsquo;autrui ne va pas de soi. C&rsquo;est pourquoi faire partie d&rsquo;une association pr\u00e9sente les avantages suivants :<\/p>\n<\/div><\/section>\n\n<style type=\"text\/css\" data-created_by=\"avia_inline_auto\" id=\"style-css-av-ganod-5246665ce531744c28692c47afc4dd13\">\n.flex_column.av-ganod-5246665ce531744c28692c47afc4dd13{\nborder-radius:0px 0px 0px 0px;\n-webkit-border-radius:0px 0px 0px 0px;\n-moz-border-radius:0px 0px 0px 0px;\n}\n<\/style>\n<div class='flex_column av-ganod-5246665ce531744c28692c47afc4dd13 av_one_half  avia-builder-el-4  el_after_av_textblock  el_before_av_one_half  first flex_column_div av-zero-column-padding column-top-margin'   ><section  class='av_textblock_section av-k2xhrlzc-7-ef74610a20522e3b05fb6501dcc58f3a' ><div class='avia_textblock' ><ul>\n<li>Etre reconnue par la soci\u00e9t\u00e9 et revaloriser le travail \u00e0 domicile<\/li>\n<li>B\u00e9n\u00e9ficier d&rsquo;une formation gratuite reconnue par le Service de l&rsquo;enfance et de la jeunesse du Canton de Fribourg<\/li>\n<li>Offrir un accueil adapt\u00e9 aux besoins des enfants et inculquer des valeurs de base en ad\u00e9quation \u00e0 la culture de l&rsquo;enfant et de sa famille<\/li>\n<li>Pouvoir choisir son mode de garde selon ses disponibilit\u00e9s et ses ressentis (\u00e2ges, heures, jours)<\/li>\n<li>Pouvoir partager ses exp\u00e9riences, ses connaissances et ses soucis avec d&rsquo;autres Accueillantes en faisant partie du r\u00e9seau<\/li>\n<\/ul>\n<\/div><\/section><\/div>\n<style type=\"text\/css\" data-created_by=\"avia_inline_auto\" id=\"style-css-av-7e86l-4004ae192b5f407f00a3e851d293a8e4\">\n.flex_column.av-7e86l-4004ae192b5f407f00a3e851d293a8e4{\nborder-radius:0px 0px 0px 0px;\n-webkit-border-radius:0px 0px 0px 0px;\n-moz-border-radius:0px 0px 0px 0px;\n}\n<\/style>\n<div class='flex_column av-7e86l-4004ae192b5f407f00a3e851d293a8e4 av_one_half  avia-builder-el-6  el_after_av_one_half  avia-builder-el-last  flex_column_div av-zero-column-padding column-top-margin'   ><section  class='av_textblock_section av-k2xhrlzc-6-b92ae40e2742e252bfec9389c43eb992' ><div class='avia_textblock' ><ul>\n<li>Disposer d&rsquo;un contrat de travail, avoir un salaire garanti par l&rsquo;Association et \u00eatre affili\u00e9e aux assurances sociales en vigueur, ce qui d\u00e9marque des autres mamans de jour non agr\u00e9\u00e9es<\/li>\n<li>Etre soutenue par des coordinatrices<\/li>\n<li>Etre dans la l\u00e9galit\u00e9, r\u00e9pondre aux exigences l\u00e9gales en la mati\u00e8re<\/li>\n<li>Pouvoir d\u00e9duire les 3&rsquo;600.00 premiers francs du revenu annuel qui sont exon\u00e9r\u00e9s d&rsquo;imp\u00f4ts.<\/li>\n<\/ul>\n<\/div><\/section><\/div>\n<\/div><\/div><\/div><!-- close content main div --><\/div><\/div><div id='after_section_1'  class='main_color av_default_container_wrap container_wrap fullsize'  ><div class='container av-section-cont-open' ><div class='template-page content  av-content-full alpha units'><div class='post-entry post-entry-type-page post-entry-132'><div class='entry-content-wrapper clearfix'>\n\n<style type=\"text\/css\" data-created_by=\"avia_inline_auto\" id=\"style-css-av-d3jes-addfd4b6be5625e3a7f96414e90cfa93\">\n.avia-image-container.av-d3jes-addfd4b6be5625e3a7f96414e90cfa93 .av-image-caption-overlay-center{\ncolor:#ffffff;\n}\n<\/style>\n<div  class='avia-image-container av-d3jes-addfd4b6be5625e3a7f96414e90cfa93 av-styling- avia-align-center  avia-builder-el-8  el_after_av_section  el_before_av_one_full  avia-builder-el-first ' ><div class=\"avia-image-container-inner\"><div class=\"avia-image-overlay-wrap\"><img decoding=\"async\" class='avia-img-lazy-loading-not- avia_image' src=\"https:\/\/accueildejour.ch\/wp-content\/themes\/afjfribourg\/config-templatebuilder\/avia-template-builder\/images\/placeholder.jpg\" alt='' title=''   \/><\/div><\/div><\/div>\n<div class='flex_column av-7psvg-10a613b9c9f4dfefbb41e4959457a2e4 av_one_full  avia-builder-el-9  el_after_av_image  avia-builder-el-last  first flex_column_div '   ><\/div>\n","protected":false},"excerpt":{"rendered":"","protected":false},"author":1,"featured_media":0,"parent":0,"menu_order":0,"comment_status":"closed","ping_status":"closed","template":"","meta":{"wp_mapbox_gl_js_media":[],"footnotes":""},"class_list":["post-132","page","type-page","status-publish","hentry"],"_links":{"self":[{"href":"https:\/\/accueildejour.ch\/basse-broye\/wp-json\/wp\/v2\/pages\/132","targetHints":{"allow":["GET"]}}],"collection":[{"href":"https:\/\/accueildejour.ch\/basse-broye\/wp-json\/wp\/v2\/pages"}],"about":[{"href":"https:\/\/accueildejour.ch\/basse-broye\/wp-json\/wp\/v2\/types\/page"}],"author":[{"embeddable":true,"href":"https:\/\/accueildejour.ch\/basse-broye\/wp-json\/wp\/v2\/users\/1"}],"replies":[{"embeddable":true,"href":"https:\/\/accueildejour.ch\/basse-broye\/wp-json\/wp\/v2\/comments?post=132"}],"version-history":[{"count":10,"href":"https:\/\/accueildejour.ch\/basse-broye\/wp-json\/wp\/v2\/pages\/132\/revisions"}],"predecessor-version":[{"id":2143,"href":"https:\/\/accueildejour.ch\/basse-broye\/wp-json\/wp\/v2\/pages\/132\/revisions\/2143"}],"wp:attachment":[{"href":"https:\/\/accueildejour.ch\/basse-broye\/wp-json\/wp\/v2\/media?parent=132"}],"curies":[{"name":"wp","href":"https:\/\/api.w.org\/{rel}","templated":true}]}}