{"id":101,"date":"2019-11-13T17:19:44","date_gmt":"2019-11-13T16:19:44","guid":{"rendered":"https:\/\/hr6vj3bsnln.preview.infomaniak.website\/basse-broye\/?page_id=101"},"modified":"2019-12-10T16:48:52","modified_gmt":"2019-12-10T15:48:52","slug":"placer-son-enfant","status":"publish","type":"page","link":"https:\/\/accueildejour.ch\/basse-broye\/placer-son-enfant\/","title":{"rendered":"Placer son enfant"},"content":{"rendered":"<div id='full_slider_1'  class='avia-fullwidth-slider main_color avia-shadow   avia-builder-el-0  el_before_av_heading  avia-builder-el-first   container_wrap fullsize'  ><div  class='avia-slideshow av-k34gqcfy-47631cc30dc4cc47836884cc18e9b627 av-control-hidden avia-slideshow-no scaling av_slideshow_full avia-fade-slider av-default-height-applied   avia-slideshow-1'  data-size='no scaling'  data-lightbox_size='large'  data-animation='fade'  data-conditional_play=''  data-ids='288'  data-video_counter='0'  data-autoplay='false'  data-bg_slider='false'  data-slide_height=''  data-handle='av_slideshow_full'  data-interval='5'  data-class=''  data-extra_class=' '  data-el_id=''  data-css_id=''  data-scroll_down=''  data-control_layout='av-control-hidden'  data-custom_markup=''  data-perma_caption=''  data-autoplay_stopper=''  data-image_attachment=''  data-min_height='0px'  data-lazy_loading='disabled'  data-default-height='16'  data-stretch=''  data-src=''  data-position='top left'  data-repeat='no-repeat'  data-attach='scroll'  data-img_scrset=''  data-av-desktop-hide=''  data-av-medium-hide=''  data-av-small-hide=''  data-av-mini-hide=''  data-id=''  data-custom_class=''  data-template_class=''  data-av_uid='av-k34gqcfy'  data-sc_version='1.0'  data-heading_tag=''  data-heading_class=''  ><ul class='avia-slideshow-inner ' style='padding-bottom: 16%;'><li  class='avia-slideshow-slide av-k34gqcfy-47631cc30dc4cc47836884cc18e9b627__0  av-single-slide slide-1 ' ><div data-rel='slideshow-1' class='avia-slide-wrap '   ><img decoding=\"async\" class=\"wp-image-288 avia-img-lazy-loading-not-288\"  src=\"https:\/\/accueildejour.ch\/wp-content\/uploads\/sites\/5\/2019\/11\/head00.jpg\" width=\"1500\" height=\"240\" title='head00' alt='' srcset=\"https:\/\/accueildejour.ch\/wp-content\/uploads\/sites\/5\/2019\/11\/head00.jpg 1500w, https:\/\/accueildejour.ch\/wp-content\/uploads\/sites\/5\/2019\/11\/head00-300x48.jpg 300w, https:\/\/accueildejour.ch\/wp-content\/uploads\/sites\/5\/2019\/11\/head00-768x123.jpg 768w, https:\/\/accueildejour.ch\/wp-content\/uploads\/sites\/5\/2019\/11\/head00-1030x165.jpg 1030w, https:\/\/accueildejour.ch\/wp-content\/uploads\/sites\/5\/2019\/11\/head00-705x113.jpg 705w\" sizes=\"(max-width: 1500px) 100vw, 1500px\" \/><div class='av-section-color-overlay' style='opacity: 0.5; background-color: #ffffff; '><\/div><\/div><\/li><\/ul><\/div><\/div><div id='after_full_slider_1'  class='main_color av_default_container_wrap container_wrap fullsize'  ><div class='container av-section-cont-open' ><div class='template-page content  av-content-full alpha units'><div class='post-entry post-entry-type-page post-entry-101'><div class='entry-content-wrapper clearfix'>\n\n<style type=\"text\/css\" data-created_by=\"avia_inline_auto\" id=\"style-css-av-av_heading-ff46d0eca303984a976bd5bcefd2658f\">\n#top .av-special-heading.av-av_heading-ff46d0eca303984a976bd5bcefd2658f{\npadding-bottom:10px;\n}\nbody .av-special-heading.av-av_heading-ff46d0eca303984a976bd5bcefd2658f .av-special-heading-tag .heading-char{\nfont-size:25px;\n}\n.av-special-heading.av-av_heading-ff46d0eca303984a976bd5bcefd2658f .av-subheading{\nfont-size:15px;\n}\n<\/style>\n<div  class='av-special-heading av-av_heading-ff46d0eca303984a976bd5bcefd2658f av-special-heading-h1 blockquote modern-quote  avia-builder-el-1  el_after_av_slideshow_full  el_before_av_hr  avia-builder-el-first '><h1 class='av-special-heading-tag'  >Confier son enfant<\/h1><div class=\"special-heading-border\"><div class=\"special-heading-inner-border\"><\/div><\/div><\/div>\n\n<style type=\"text\/css\" data-created_by=\"avia_inline_auto\" id=\"style-css-av-k3r5ik83-ca947e46cd60bc4fcf1a3ffdde2ebd25\">\n#top .hr.hr-invisible.av-k3r5ik83-ca947e46cd60bc4fcf1a3ffdde2ebd25{\nheight:50px;\n}\n<\/style>\n<div  class='hr av-k3r5ik83-ca947e46cd60bc4fcf1a3ffdde2ebd25 hr-invisible  avia-builder-el-2  el_after_av_heading  el_before_av_one_half '><span class='hr-inner '><span class=\"hr-inner-style\"><\/span><\/span><\/div>\n\n<style type=\"text\/css\" data-created_by=\"avia_inline_auto\" id=\"style-css-av-hr971-dafc12c5cf8e4206d10fba9d22bae981\">\n.flex_column.av-hr971-dafc12c5cf8e4206d10fba9d22bae981{\nborder-radius:0px 0px 0px 0px;\n-webkit-border-radius:0px 0px 0px 0px;\n-moz-border-radius:0px 0px 0px 0px;\n}\n<\/style>\n<div class='flex_column av-hr971-dafc12c5cf8e4206d10fba9d22bae981 av_one_half  avia-builder-el-3  el_after_av_hr  el_before_av_one_half  first flex_column_div av-zero-column-padding '   ><p>\n<style type=\"text\/css\" data-created_by=\"avia_inline_auto\" id=\"style-css-av-hnyd9-9cb9e78899d0580e3afcf7002d47795f\">\n#top .av-special-heading.av-hnyd9-9cb9e78899d0580e3afcf7002d47795f{\npadding-bottom:10px;\n}\nbody .av-special-heading.av-hnyd9-9cb9e78899d0580e3afcf7002d47795f .av-special-heading-tag .heading-char{\nfont-size:25px;\n}\n.av-special-heading.av-hnyd9-9cb9e78899d0580e3afcf7002d47795f .av-subheading{\nfont-size:15px;\n}\n<\/style>\n<div  class='av-special-heading av-hnyd9-9cb9e78899d0580e3afcf7002d47795f av-special-heading-h3 blockquote modern-quote  avia-builder-el-4  el_before_av_textblock  avia-builder-el-first '><h3 class='av-special-heading-tag'  >Confier son enfant \u00e0 une accueillante en milieu familial<\/h3><div class=\"special-heading-border\"><div class=\"special-heading-inner-border\"><\/div><\/div><\/div><br \/>\n<section  class='av_textblock_section av-k3r49va6-c7d4f2f8fbd589762b670767b59d306f' ><div class='avia_textblock' ><p>Choisir de confier son enfant \u00e0 une accueillante (maman de jour agr\u00e9\u00e9e), c&rsquo;est :<\/p>\n<ul>\n<li>opter pour un accueil familial de jour en choisissant la personne qui veillera sur son enfant;<\/li>\n<li>avoir une s\u00e9curit\u00e9 quant \u00e0 la qualit\u00e9 de l&rsquo;accueil;<\/li>\n<li>b\u00e9n\u00e9ficier d&rsquo;une garde factur\u00e9e \u00e0 l&rsquo;heure selon un tarif adapt\u00e9 au revenu;<\/li>\n<li>profiter des services d&rsquo;une Association reconnue par l&rsquo;Etat au titre de structure d&rsquo;accueil de la petite enfance;<\/li>\n<li>\u00eatre membre de cette association.<\/li>\n<\/ul>\n<\/div><\/section><br \/>\n\n<style type=\"text\/css\" data-created_by=\"avia_inline_auto\" id=\"style-css-av-e7olp-3c2bb2dc2b2725c74be1fe96532b979e\">\n#top .hr.hr-invisible.av-e7olp-3c2bb2dc2b2725c74be1fe96532b979e{\nheight:50px;\n}\n<\/style>\n<div  class='hr av-e7olp-3c2bb2dc2b2725c74be1fe96532b979e hr-invisible  avia-builder-el-6  el_after_av_textblock  el_before_av_heading '><span class='hr-inner '><span class=\"hr-inner-style\"><\/span><\/span><\/div><br \/>\n\n<style type=\"text\/css\" data-created_by=\"avia_inline_auto\" id=\"style-css-av-7t24t-b3fdcdda23ca7ea497083648a52a4abf\">\n#top .av-special-heading.av-7t24t-b3fdcdda23ca7ea497083648a52a4abf{\npadding-bottom:10px;\n}\nbody .av-special-heading.av-7t24t-b3fdcdda23ca7ea497083648a52a4abf .av-special-heading-tag .heading-char{\nfont-size:25px;\n}\n.av-special-heading.av-7t24t-b3fdcdda23ca7ea497083648a52a4abf .av-subheading{\nfont-size:15px;\n}\n<\/style>\n<div  class='av-special-heading av-7t24t-b3fdcdda23ca7ea497083648a52a4abf av-special-heading-h3 blockquote modern-quote  avia-builder-el-7  el_after_av_hr  el_before_av_textblock '><h3 class='av-special-heading-tag'  >Un engagement des parents<\/h3><div class=\"special-heading-border\"><div class=\"special-heading-inner-border\"><\/div><\/div><\/div><br \/>\n<section  class='av_textblock_section av-8jj2d-b7ddfeec742f37d002de0ad5cb141fb0' ><div class='avia_textblock' ><p>Les parents s&rsquo;engagent \u00e0 :<\/p>\n<ul>\n<li>observer les horaires convenus par contrat;<\/li>\n<li>consacrer r\u00e9guli\u00e8rement un peu de temps aux accueillantes pour un \u00e9change concernant l&rsquo;enfant;<\/li>\n<li>rester responsable de ses propres enfants et du choix de leur placement;<\/li>\n<li>respecter leurs obligations financi\u00e8res en s&rsquo;acquittant r\u00e9guli\u00e8rement des factures de garde des enfants plac\u00e9s.<\/li>\n<\/ul>\n<\/div><\/section><\/p><\/div>\n\n<style type=\"text\/css\" data-created_by=\"avia_inline_auto\" id=\"style-css-av-e4bgl-25178d42d77721e348f7fbffc7e3026d\">\n.flex_column.av-e4bgl-25178d42d77721e348f7fbffc7e3026d{\nborder-radius:0px 0px 0px 0px;\n-webkit-border-radius:0px 0px 0px 0px;\n-moz-border-radius:0px 0px 0px 0px;\n}\n<\/style>\n<div class='flex_column av-e4bgl-25178d42d77721e348f7fbffc7e3026d av_one_half  avia-builder-el-9  el_after_av_one_half  avia-builder-el-last  flex_column_div av-zero-column-padding '   ><p>\n<style type=\"text\/css\" data-created_by=\"avia_inline_auto\" id=\"style-css-av-av_heading-d977d155b4032950e36058bd7a90cdeb\">\n#top .av-special-heading.av-av_heading-d977d155b4032950e36058bd7a90cdeb{\npadding-bottom:10px;\n}\nbody .av-special-heading.av-av_heading-d977d155b4032950e36058bd7a90cdeb .av-special-heading-tag .heading-char{\nfont-size:25px;\n}\n.av-special-heading.av-av_heading-d977d155b4032950e36058bd7a90cdeb .av-subheading{\nfont-size:15px;\n}\n<\/style>\n<div  class='av-special-heading av-av_heading-d977d155b4032950e36058bd7a90cdeb av-special-heading-h3 blockquote modern-quote  avia-builder-el-10  el_before_av_textblock  avia-builder-el-first '><h3 class='av-special-heading-tag'  >Un accueil favorable aux enfants<\/h3><div class=\"special-heading-border\"><div class=\"special-heading-inner-border\"><\/div><\/div><\/div><br \/>\n<section  class='av_textblock_section av-k3u4kevt-e2f3b11602c0d6dbd1e697e43b95ecfd' ><div class='avia_textblock' ><p>Les accueillantes re\u00e7oivent les enfants chez elles pour une journ\u00e9e, une demi-journ\u00e9e ou quelques heures par jour.<\/p>\n<p>Pour s&rsquo;\u00e9panouir et se sentir en confiance, l&rsquo;enfant a besoin :<\/p>\n<ul>\n<li>d&rsquo;\u00e9tablir des relations stables avec sa seconde famille;<\/li>\n<li>d&rsquo;une p\u00e9riode d&rsquo;adaptation pour lui permettre de faire connaissance et de se familiariser avec son cadre d&rsquo;accueil;<\/li>\n<li>de sentir que la relation entre le milieu d&rsquo;accueil et ses parents est saine, particuli\u00e8rement sur le plan \u00e9ducatif;<\/li>\n<li>d&rsquo;\u00eatre pr\u00e9par\u00e9 par ses parents aux s\u00e9parations et aux changements.<\/li>\n<\/ul>\n<\/div><\/section><br \/>\n\n<style type=\"text\/css\" data-created_by=\"avia_inline_auto\" id=\"style-css-av-fh2v1-14d4ad17918630a549e8efb9d32797e4\">\n#top .hr.hr-invisible.av-fh2v1-14d4ad17918630a549e8efb9d32797e4{\nheight:40px;\n}\n<\/style>\n<div  class='hr av-fh2v1-14d4ad17918630a549e8efb9d32797e4 hr-invisible  avia-builder-el-12  el_after_av_textblock  el_before_av_heading '><span class='hr-inner '><span class=\"hr-inner-style\"><\/span><\/span><\/div><br \/>\n\n<style type=\"text\/css\" data-created_by=\"avia_inline_auto\" id=\"style-css-av-av_heading-02fadc3723077ceffca2c6b3db7f35a9\">\n#top .av-special-heading.av-av_heading-02fadc3723077ceffca2c6b3db7f35a9{\npadding-bottom:10px;\n}\nbody .av-special-heading.av-av_heading-02fadc3723077ceffca2c6b3db7f35a9 .av-special-heading-tag .heading-char{\nfont-size:25px;\n}\n.av-special-heading.av-av_heading-02fadc3723077ceffca2c6b3db7f35a9 .av-subheading{\nfont-size:15px;\n}\n<\/style>\n<div  class='av-special-heading av-av_heading-02fadc3723077ceffca2c6b3db7f35a9 av-special-heading-h3 blockquote modern-quote  avia-builder-el-13  el_after_av_hr  el_before_av_textblock '><h3 class='av-special-heading-tag'  >Des tarifs abordables<\/h3><div class=\"special-heading-border\"><div class=\"special-heading-inner-border\"><\/div><\/div><\/div><br \/>\n<section  class='av_textblock_section av-k3u4xgp9-6952721f71ad43c43447be2ccf4af981' ><div class='avia_textblock' ><p>Les tarifs pour la garde d&rsquo;enfants aupr\u00e8s d&rsquo;une accueillante de notre Association sont d\u00e9termin\u00e9s en fonction de la capacit\u00e9 financi\u00e8re des parents.<\/p>\n<p>Pour les conna\u00eetre, veuillez consulter notre page des tarifs.<\/p>\n<\/div><\/section><br \/>\n<div  class='avia-button-wrap avia-button-left  avia-builder-el-15  el_after_av_textblock  avia-builder-el-last ' ><a href='https:\/\/accueildejour.ch\/basse-broye\/tarifs\/'  class='avia-button av-k3u4ym8b-dbffc1d8eb94e4052f7d357172f5f0d2 avia-icon_select-no avia-size-large avia-position-left avia-color-theme-color' ><span class='avia_iconbox_title' >TARIFS<\/span><\/a><\/div><\/p><\/div>\n","protected":false},"excerpt":{"rendered":"","protected":false},"author":1,"featured_media":0,"parent":0,"menu_order":0,"comment_status":"closed","ping_status":"closed","template":"","meta":{"wp_mapbox_gl_js_media":[],"footnotes":""},"class_list":["post-101","page","type-page","status-publish","hentry"],"_links":{"self":[{"href":"https:\/\/accueildejour.ch\/basse-broye\/wp-json\/wp\/v2\/pages\/101","targetHints":{"allow":["GET"]}}],"collection":[{"href":"https:\/\/accueildejour.ch\/basse-broye\/wp-json\/wp\/v2\/pages"}],"about":[{"href":"https:\/\/accueildejour.ch\/basse-broye\/wp-json\/wp\/v2\/types\/page"}],"author":[{"embeddable":true,"href":"https:\/\/accueildejour.ch\/basse-broye\/wp-json\/wp\/v2\/users\/1"}],"replies":[{"embeddable":true,"href":"https:\/\/accueildejour.ch\/basse-broye\/wp-json\/wp\/v2\/comments?post=101"}],"version-history":[{"count":41,"href":"https:\/\/accueildejour.ch\/basse-broye\/wp-json\/wp\/v2\/pages\/101\/revisions"}],"predecessor-version":[{"id":885,"href":"https:\/\/accueildejour.ch\/basse-broye\/wp-json\/wp\/v2\/pages\/101\/revisions\/885"}],"wp:attachment":[{"href":"https:\/\/accueildejour.ch\/basse-broye\/wp-json\/wp\/v2\/media?parent=101"}],"curies":[{"name":"wp","href":"https:\/\/api.w.org\/{rel}","templated":true}]}}